9 - (-6 + 73)).
-100
Calculate (2 - 7) + (21 - 9 - 8) + -15 + -7.
-23
Evaluate (11 - -21) + -33 - (0 + 46 + 3).
-50
Evaluate (51 - 25 - 15 - 19) + -2 + (-3 - -20).
7
What is 19 + 5 + -21 + (28 - 0)?
31
Calculate 0 + -51 + (-11007 - -11087).
29
14 - (2 - -4) - ((19 - (10 + -3)) + 0)
-4
-2 + (-57 - (-31 - 36))
8
What is 16 + 90 + -133 - (24 + 6)?
-57
(37 - -27 - 70) + 55
49
(-74 - -9) + (-8 - (-18 - 8)) - (1 + -1)
-47
Calculate (15 - (15 + -13 + -1)) + -67 + -10.
-63
-72 - (-4 + -144 + 10)
66
Calculate 35 + -4 - (-45 + 72) - -47.
51
-59 - -21 - (-85 - -86)
-39
What is the value of -7 + -1 - 0 - (-17 + 4 - (-919 + 831))?
-83
116 + (-89 - -74 - (3 + (-2 - 4)))
104
Evaluate -2 - (-2 - (17 + 1 + 215 + -227)).
6
What is the value of 2 + 8 - (35 + 3) - (9 + (0 - 4))?
-33
-25 - (4 - ((45 - 10) + -12 - 12))
-18
Calculate -121 + 5 + 141 + -1 + -51.
-27
Calculate -3 + -102 + 136 + 11.
42
Calculate (27634 - 27504) + (-1 - 145).
-16
What is the value of 5 + -78 + -4 + 22?
-55
-62 - (-1 + 16 + -7 + (-19 - -9))
-60
What is 7 + -2 + 42 + (-5 + -1 - (46 - 45))?
40
What is the value of 18 - (-2 - -1) - ((-72 - -11) + 31)?
49
What is 31 + -14 - (-9 - -16) - 1 - -38 - 11?
36
Calculate (-11 + -1 - (-62 - (-18 + -17))) + 51.
66
-49 + -11 + 19 + 11
-30
What is the value of (-1 - -9) + (-2 - 6 - (335 - 361))?
26
Calculate (13 - 2 - (28 + -13)) + (0 - (55 - -9)).
-68
Evaluate (0 - -14 - (-180 + 195)) + 3 + (46 - -1).
49
(-67 - (-59 + 105)) + 85
-28
What is -11 + -3 - (1 + 3 - (66 - -10))?
58
Evaluate 6 + 4 + -3 + -25 + 3 + (-5 - 3).
-23
((9 - 18) + -59 - (3 - 7)) + 27 + -19
-56
(5 - (-1 + -2)) + (19 - (25 - 9))
11
Evaluate 24 + (13 - -12) + -17.
32
What is the value of (35 - 103) + 148 - (-1 + 29)?
52
What is 25 - (-19 + 24 + 61) - -2?
-39
-34 + -1 - (-5 - (-10 + 12 + -16))
-44
48 + -19 - (12 + 5 - 11)
23
Evaluate 27 - (24 - 19) - (6 - -38).
-22
Evaluate 6 + -1 + -56 + (-87 - (-57 + -9)).
-72
21 + 42 + -64 + 36
35
Calculate 19 + 56 + -76 + 69.
68
1 + 8 - (-24 - (-11 + -12 - (21 - -1)))
-12
Evaluate -40 + 20 + 6 + 32 + 67.
85
What is the value of -53 - (5 - (14 + 23 - 31 - (-6 - 1)))?
-45
Evaluate 85 + (-33 + -35 - 6).
11
What is (-166 + 130 - -13) + -122?
-145
Calculate -37 + 0 + 5 - (7 + (-5 - 3 - 1)).
-30
Calculate 4 + (-16 - (-11 - 34 - -14)) + -16.
3
What is 113 - (62 + (-23 - -58) + -74)?
90
Calculate 16 - 5 - (-36 - -48) - (0 + 107).
-108
Evaluate -83 - (0 - 64) - -61.
42
156 - 12 - 13 - 7 - (53 - 53)
124
What is the value of -11 - -6 - -15 - ((-6 - 3) + 9 + -63)?
73
Evaluate (-10 - (-4 + 5)) + -28 + 32 - -11.
4
What is -2 + 1 + 2 + -3 + -6 + (1122 - 1126)?
-12
Evaluate (-20 + 53 - (20 + 3)) + (-3 - 31).
-24
What is the value of -184 - (-299 + 100 + 80)?
-65
-1 + (-65 + 10 - -64)
8
What is 0 - (-64 - -84) - -82?
62
What is -402 + 409 - (2 + 10 + 3 + -2)?
-6
Calculate (-4 + 5 - -2 - 73) + 7 - (33 - 31).
-65
What is the value of (-5 - (-19 - -4) - 12) + -34?
-36
Evaluate -40 + 28 - (15 + 15 - 128).
86
Evaluate 1 - (-25 - (5 + -12 + -6) - -39).
-26
What is 25 + -14 + (5 - 10 - 7) + 15 + 45?
59
What is -30 - (-3 + 0 + 19 + -17)?
-29
What is the value of -44 - (0 - 0 - 5) - ((13 - -16) + -30)?
-38
(-20 - (10 - 27) - -30) + 21
48
Calculate 7497 + -7496 - ((2 - 0) + (-3 - (35 + 2))).
39
89 + (-21 - -9 - -21) - 20
78
What is the value of (-41 - -2) + -1 - (35 - (-15 + 60))?
-30
What is the value of -2 + 30 + -3 + 5 + (86 - 78)?
38
Evaluate (3 - 13) + (-13 - (-25 + 7) - -20).
15
What is 96 + -130 + 143 + -40?
69
What is -31 - (-27 + (-23 - -20))?
-1
What is the value of (-47 - -117) + 66 + -60?
76
What is 24 - (-11 + 2 + (149 - 122))?
6
What is the value of 1 + -9 + (13 - 2 - -8 - (-61 - -82))?
-10
214 + -165 + (-1 - -1) + 2 + 12 + 0
63
-8 - -11 - -1 - (40 + -14)
-22
What is -6 - ((-149 - -169) + 1 + -12)?
-15
Evaluate -1 - -1 - (-454 + 466).
-12
What is the value of -260 + 126 + -5 + 52?
-87
What is -25 - ((33 - -47) + -4 + -19)?
-82
10 + 4 + -4 + -3 - (46 + -21)
-18
Evaluate (6 - 1) + 36 + 85 - (-148 - -164).
110
What is the value of -14 + -108 + (143 - 52)?
-31
(-4 - -5 - -2 - -9 - (-211 + 274)) + -8
-59
Calculate 6 - -49 - (-19 + 40 + -12 + -1).
47
What is -32 - 22 - (-51 + 7 + 19)?
-29
(-15 - -1) + (-21 - -2) + -175 + 188
-20
Evaluate -9 - ((-3 - 4) + (-3 - (-5 + 7 - 11))).
-8
What is the value of (-246 - -97 - -145) + -2 + -10?
-16
Calculate -16 - (-47 - (0 + -48)).
-17
What is 20 + -18 + -24 + 13 + -3?
-12
What is -11 - (3 + (15 + -32 + -11 - -2))?
12
What is the value of -20 + (7 + (-48 - -14) - -25)?
-22
Calculate 32 - 28 - (2 + 57 + -1 + (-148 - -145)).
-51
Calculate (-20 - (37 + -13)) + 45.
1
Evaluate -51 - 2 - (-19 + -64 + 98 - (1 - -2)).
-65
0 - (9 + 71 + -12 + (14 - 25))
-57
What is (-6 - -2) + (-21 - -30) + -40 + 7?
-28
What is the value of 0 - ((119 - 107) + (3 - 3 - -66)) - 6?
-84
What is 33 + (-1 - 2) - (5 - (-5 - (-6 - -6)))?
20
What is 15 + (-3 - 0 - (19 - (-7 + 18))) + -9?
-5
Evaluate (-50 - -55) + -2 + -23.
-20
25 - (282 - 279 - (2 - -1))
25
(-120 - (-69 + 49)) + (3 - (-4 + -2 + 2))
-93
2 + 76 + -66 + -46 + -1
-35
Evaluate 64 + -6 + (-5 + 2 - 2) + -54 + 59.
58
(-6 - -36) + (-66 + 31 - 67)
-72
5 + -3 + 9 + -14 + 20 + -9 - 32
-24
What is (25 - (48 + -88)) + -25?
40
What is the value of -96 - ((79 - 191) + 106)?
-90
Evaluate -14 + 66 + (20 - 11) + -15 + 6 + -1.
51
What is the value of -3 - (-7 + 6 + -14 + 7 - (-55 + 0))?
-50
What is -64 + (-4 - -15 - (151 + -141))?
-63
Calculate (-69 - (3 - 0 - (-20 - (-13 - 21)))) + -9.
-67
What is (1 - -1) + -18 + (177 - (-60 + 204))?
17
What is the value of 13 - ((-2 - 17) + -23 + 32)?
23
Calculate 7 + (-2 - -1) + (2 - (31 - 75 - -10)).
42
What is the value of 13 + (65 - 41 - (11 + 6))?
20
46 + (-12 - 25) - (-3 + 15 + -2) - -144
143
What is -33 + (8 - 81) - (-4 - 6 - 6)?
-90
What is the value of 18 + (731 - 725) + 0 + 3?
27
Calculate (0 + 3 - (2 + 4) - (4 - 8)) + -5.
-4
What is (195 - 160) + (-1 - 4)?
30
What is -688 + 675 - (2 - -3 - 11)?
-7
What is -93 + (-1 - 9 - (4 - -5 - 7 - 0))?
-105
Calculate (-4 - -11) + 13 + -8 + -16 - (-50 + 1).
45
160 + 8 + -54 + -78
36
Evaluate 2 + -30 + -3 + 6 - (-225 + 212).
-12
Evaluate -11 + 22 + (30 + -16 + -9 - 10).
6
Evaluate -295 + 157 + 349 + -137.
74
What is 6 - (-7 + 21 + (-47 - -4))?
35
Calculate 2 + 12 - (-12 - ((-25 - -6) + -52)).
-45
Calculate 24 + -82 + (-30 - -72) + 71.
55
What is the value of (-3 + (8 - 1) - -4) + (60 - -24)?
92
Calculate 31 - ((9 - (20 - -3)) + (-15 - -27)).
33
What is the value of (-51 - (1 + -1)) + -1625 + 1643?
-33
(20 - (1 - -12)) + -2 + -26 + (8 - 12)
-25
What is -30 - (-21 - (-77 + 2 - 18))?
-102
Calculate 104 - -67 - 42 - 119.
10
Calculate -4 + 0 + -14 + -7 - -19.
-6
Evaluate -311 + 383 + -103 + 3.
-28
What is the value of -8 - (-1 - -2 - -19) - -28?
0
Evaluate -30 - (3 + 3 + -11 + 21).
-46
What is (-26 + -6 + 11 - -37 - 20) + 18?
14
What is the value of (27 + 45 + 18 - 12) + 19?
97
Calculate (-130 - -129) + (-4 - -16) - -12.
23
Evaluate -2 + 109 - (-40 - (-61 + 8 + 5)).
99
What is the value of 5 + 5 - (15 + (80 + -13 - 12))?
-60
Calculate 108 - -2 - (-112 + 202 + -82).
102
What is the value of (14 + (-25 - (4 - 13 - -4)) - 1) + -96?
-103
79 - 17 - 115 - -121
68
-56 + (39 - (-52 + 2))
33
Calculate 102 + -15 + (23 - ((16 - 38) + 35)).
97
Evaluate -88 + 153 - (-9 - -1) - (-14 + 22 + -6).
71
What is (-9 + 11 - 12) + 9 - -15 - -13?
27
Evaluate -58 + 88 + -42 + -2 + -4 + 2.
-16
8 - (-12 + -2 + (11 - -15)) - (22 - 165)
139
What is (-30 - (20 + 1)) + -24?
-75
What is the value of 103 + -110 + 50 - -39?
82
What is the value of -12 + (9 + (1 - 4) - -5 - -62)?
61
Calculate -62 + 17 + (36 - 15) - -15.
-9
Calculate -31 + 0 + (13 - (91 - 66)) + (-3 - 2).
-48
What is -19 + (1 - -36) + 8?
26
14 + -19 + -29 + -69
-103
Evaluate (6 + -66 - 2) + -42 + -34 + 80.
-58
What is the value of (3 - 0) + (15 - -2 - (-49 + 54)) + 34?
49
What is 0 + -60 + 72 + (-78 - -2)?
-64
What is the value of -94 + -17 + 106 - -79?
74
What is the value of 5 + (-7 - 0) - -10 - (64 - 60)?
4
Evaluate -4 - 11 - (19 + -31 + -13 - -15).
-5
What is -35 - -1 - -34 - -141 - (-6 + 12)?
135
What is the value of 13 + 1 - ((9 - 18) + 19 - (-102 + 167))?
69
Evaluate (-9 - -20) + (1 - 1) + (39 + -46 - -10).
14
(10 - (1 - 0)) + -135 + (17 - -105)
-4
What is (-6 - 2) + (19 - 5) + 19?
25
Evaluate -159